= s + -11. What is the greatest common factor of 48 and g?
12
Let d = 24 + -10. Calculate the greatest common factor of 28 and d.
14
Suppose -i + 102 = 12. What is the greatest common divisor of 36 and i?
18
Suppose -5*k - 2*x = 35, 0 = -2*k - 2*k - 4*x - 28. Let g be (k + -3)/((-1)/4). Let n be (0 - (-1 + 2)) + 17. What is the highest common factor of g and n?
8
Let u(b) = 26*b - 3. Let r be u(6). Suppose 0*l - l + 4 = 0. Let k be 34/(-4)*(-8)/l. Calculate the greatest common factor of r and k.
17
Let f(n) = n**2 + 8*n + 10. Let r be f(-7). Suppose -2*w + r + 7 = 0. Suppose w*l - 15 = 45. Calculate the greatest common divisor of 6 and l.
6
Suppose -3*n = -10 - 47. Suppose -n = -z + 21. What is the greatest common factor of 100 and z?
20
Let g(u) = -3*u - 9. Suppose w + 1 = 2*f, 5*w + 2*f + 0*f = 7. Let d = w + -7. Let h be g(d). Calculate the highest common divisor of 81 and h.
9
Let l(k) = -k**3 - 14*k**2 - 14*k - 3. Let a be l(-13). What is the greatest common factor of 10 and a?
10
Let x = -6 - -6. Suppose -6*z + z + 135 = x. What is the highest common factor of z and 18?
9
Suppose 2*j = -2*j + 120. Let u = j + -10. Let x = -8 + u. Calculate the greatest common factor of x and 24.
12
Suppose -4*i + 440 = -4*f, 0*f - 4*i = 3*f + 302. Let w be f/(-8) + 1/(-4). Calculate the highest common factor of 91 and w.
13
Let z = -31 + 151. What is the highest common divisor of z and 15?
15
Let s be (-8)/(-6) - 4/(-6). Suppose 0 = -s*k - 2*k - 36. Let j be -4 + 2 + -1 - k. Calculate the highest common factor of 6 and j.
6
Suppose -3*k = -14 + 2. Suppose k*b - 21 = 35. Let h = 24 - b. Calculate the greatest common factor of 2 and h.
2
Let k be ((-10)/4)/((-1)/2). Let o(t) = 5*t**3 + t**2 - 4*t - 1. Let r be o(2). What is the highest common factor of k and r?
5
Let f = 29 + -2. Let x(j) = -3*j - 6. Let c be x(-11). Calculate the highest common factor of f and c.
27
Let u(c) = 15*c**2 - 34*c. Let h(w) = 10*w**2 - 23*w. Let n(p) = -7*h(p) + 5*u(p). Let t be n(6). Calculate the highest common factor of t and 14.
14
Suppose -4*n + 0*n + 120 = -5*y, 3*n = -2*y - 25. Let v = 28 + y. Calculate the highest common factor of 56 and v.
8
Suppose 291 = -5*u + 891. Suppose 4*z + 74 = 2*l - u, l + 3*z - 102 = 0. Calculate the highest common divisor of l and 9.
9
Suppose -3*s = -2*s. Suppose 0 = 2*a + 2*f + 22, -4*a - 2*f - 44 + 10 = 0. Let t be (a - 0)/(-3) + s. Calculate the greatest common factor of 2 and t.
2
Suppose -8 = -2*q - 2. Suppose p = b + 2, -1 = -p - b + q. Suppose 0 = -2*h + p*r + 70, -4*h + 2*r = -134 - 6. Calculate the greatest common divisor of 5 and h.
5
Let d(r) = r**2 + 7*r + 12. Let a be d(-10). What is the highest common factor of a and 63?
21
Let h(t) = t - 13. Let f be h(15). Let q(k) = -k**3 - 10*k**2 - 10*k - 4. Let y be q(-9). What is the greatest common divisor of y and f?
1
Suppose o + 5*o - 108 = 0. Calculate the highest common divisor of o and 18.
18
Let p be 3 + -3 + 12/2. Suppose 0 = h + p - 24. Calculate the greatest common divisor of h and 6.
6
Let d = 21 - 10. Suppose -5*q - 19 - 3 = -p, 5*p = -2*q + 2. Suppose 484 = 6*n - p*n. What is the greatest common factor of n and d?
11
Suppose -4*k - 4*f + 120 + 116 = 0, 3*k - 5*f - 153 = 0. What is the highest common factor of k and 24?
8
Suppose 4*f - 302 + 97 = 5*p, 145 = 3*f + 5*p. Let a be (-1)/(-5) + (-392)/(-40). What is the greatest common factor of a and f?
10
Let d = 11 + -7. Suppose 23 = d*c - 3*o, c + 0*c + 4 = 4*o. Suppose 0*k + l = 2*k - c, -4*k - 4*l = -40. What is the highest common divisor of k and 54?
6
Suppose -j = 7 - 82. What is the highest common factor of j and 30?
15
Suppose 0 = -0*s + 2*s. Suppose -g + 6*g - 105 = s. Let z be (1 + g)/(1 - -1). Calculate the highest common divisor of 44 and z.
11
Let w be (-3)/(63/(-120)) - 8/(-28). What is the highest common divisor of 30 and w?
6
Let k be (-2)/7 - (-38)/(-14). Let x be k*(0 + (1 - 25)). What is the greatest common divisor of x and 9?
9
Let v(f) = f**2 - 7*f + 4. Let m be v(7). Let s(o) = 3*o**2 + 4*o - 3. Let p be s(3). What is the greatest common factor of p and m?
4
Let y(v) = -v**3 - 4*v**2 - 1. Let t be y(-5). Let j = -22 + 42. Suppose -8 = f - j. What is the highest common divisor of f and t?
12
Suppose -5*p + 5*f = -65, p + 2*p = -f + 31. Calculate the greatest common factor of 121 and p.
11
Let x be 48 - (20/(-8) + 2/4). Calculate the highest common divisor of 450 and x.
50
Let x = 211 + -154. What is the greatest common factor of 19 and x?
19
Suppose 2*o + 2*y = 6*o - 196, 104 = 2*o + 2*y. Calculate the greatest common factor of 25 and o.
25
Let h be 1/2 + 3/2. Suppose 0 = h*v - 251 - 13. Calculate the highest common divisor of v and 12.
12
Suppose 14*b - 11*b + 4*d = 17, 3*b = 2*d + 5. Let c = 6 + -3. What is the highest common divisor of c and b?
3
Let f(j) = -38*j**3 + 42*j**3 - 8*j**2 + 67*j**3 + 7*j**2. Let q be f(1). What is the highest common divisor of 10 and q?
10
Let z be ((-60)/9)/((-3)/18). What is the highest common factor of z and 16?
8
Let w(r) = r - 11. Let p = -10 - -18. Let f be w(p). Let u(h) = 3*h**2 + h - 4. Let j be u(f). What is the highest common divisor of j and 4?
4
Suppose 0*f - 4*f - 28 = -2*o, 2*f + 2 = -o. Suppose 0 = c + r - 12, -3*c + o = -4*r + r. Let d = 37 + -30. What is the highest common factor of c and d?
7
Let i(u) = -3*u + 5 + 3*u + u - 3. Let g(p) = -p**3 - 6*p**2 + 5*p - 8. Let j be g(-7). Let r be i(j). Calculate the highest common divisor of r and 1.
1
Suppose 3*m + 5*y - 26 = 0, y = -4*m + m + 34. Let b = -29 - -101. Calculate the highest common divisor of b and m.
12
Let l = 3 - -9. What is the highest common factor of 132 and l?
12
Let q = -6 + 21. What is the greatest common divisor of 5 and q?
5
Let v(d) = -d**2 + 12*d - 9. Let z be v(11). Suppose -l = -0*w - z*w + 8, -4*w - 3*l + 36 = 0. What is the greatest common factor of 24 and w?
6
Let n = 48 - 0. What is the greatest common divisor of n and 6?
6
Let r be 3/(2 + (-2)/4). Suppose 2*a + a = -t + 11, -2*a + 5*t - 4 = 0. Calculate the highest common divisor of a and r.
1
Suppose 2*i - 2*s = -0*i - 66, 3*s + 13 = -i. Let w = i + 78. Suppose l - 80 = -4*b - l, 3*b - 60 = -4*l. What is the greatest common divisor of b and w?
10
Let y be ((-25)/(-10))/((-1)/(-2)). Suppose 47 + 8 = y*b. Calculate the greatest common divisor of 99 and b.
11
Let b(u) = 4*u**2 - 4*u + 3. Let c be b(2). Let h be (-3 - 0)*22/(-3). Calculate the greatest common factor of h and c.
11
Let m(v) = 3*v**2 + 2 - 7*v - 2*v + 10. Let l be m(8). Suppose -w = w - l. Calculate the greatest common factor of 11 and w.
11
Let j = -6 - -11. Let v be 2/(-5) - 18/j. Let b be 42/2 + v + 1. What is the highest common divisor of b and 6?
6
Let o be (-57)/(-15) - 3/(-15). Calculate the highest common divisor of o and 12.
4
Suppose c + 8 = -2*c - 4*y, -c - 3*y - 6 = 0. Suppose c*l + 42 = 3*l. Let u = 72 - 30. What is the greatest common divisor of l and u?
14
Let n(c) = c**2 + 2*c - 1. Let m be n(1). Suppose p - 4*p = -4*d + 29, -m*d - p = -27. Calculate the highest common factor of d and 22.
11
Suppose -5*s - 4 = 2*c, 4*c - 18 = s + 2*s. Let m be (2 + s)/(6/(-2)). Let n be (0 - -4)/(2 + m). What is the highest common divisor of n and 18?
2
Let j = -41 - -58. Let y = 29 - j. Suppose -x + 5*k + 19 = 2*x, -5*x + k + 17 = 0. What is the greatest common divisor of y and x?
3
Suppose -3*s + 7 - 4 = 0. Calculate the highest common factor of s and 1.
1
Let u(h) = -h**3 - 18*h**2 - 31*h + 33. Let b be u(-16). Suppose 0*w - w + 187 = 0. Calculate the highest common divisor of b and w.
17
Let k(x) = 9*x**3 + 2*x**2 + x. Let j be k(-1). Let n be 2/j - 18/(-8). What is the greatest common divisor of 18 and n?
2
Let t(q) = -5*q - 49. Let z be t(-13). Calculate the highest common factor of z and 16.
16
Let t(p) = 28*p**3 + 2*p**2 - 3*p + 2. Let v be t(2). Calculate the highest common factor of 12 and v.
12
Let k = -23 - -35. Let y = 7 - -1. What is the greatest common divisor of k and y?
4
Let z(s) = -s**2 + 21*s - 56. Let x be z(16). What is the highest common factor of 264 and x?
24
Let w(z) = 20*z - 1. Let o be w(2). Suppose j - 26 = -5*u, -4*j + 2*j = 4*u - 22. Let i be (0 - j)/((-2)/52). What is the greatest common divisor of i and o?
13
Suppose r + 159 = 4*h, 